ine c(-50).
-66
Let d(b) = 5636*b - 225412. Give d(40).
28
Let r(j) = 33572*j + 201458. What is r(-6)?
26
Let o(p) = 65*p**2 - 738*p - 509. Calculate o(12).
-5
Let z(s) = 79*s**2 + 480*s + 428. Give z(-5).
3
Let y(f) = 18*f**3 + 1569*f**2 + 269*f + 399. Determine y(-87).
-297
Let b(w) = -w**3 - 83*w**2 - 8986*w - 778261. Give b(-85).
-1
Let x(h) = -278*h**3 - 29*h**2 + 22*h + 6. Give x(1).
-279
Let u(s) = 52857*s - 792843. What is u(15)?
12
Let n(i) = 9*i**2 - 49*i - 515. Determine n(12).
193
Let g(i) = 2*i**3 - 266*i**2 - 280*i + 598. Determine g(134).
-1010
Let f(w) = -w**3 - 250*w**2 - 1228*w - 1980. What is f(-245)?
-1245
Let s(z) = -108*z**2 - 7760*z + 980. Give s(-72).
-172
Let w(a) = a**2 + 107*a - 3278. What is w(28)?
502
Let y(w) = 11300*w - 113267. Calculate y(10).
-267
Let l(f) = f**2 + 1952*f - 17537. Give l(9).
112
Let n(r) = -116*r**2 + 3849*r - 680. What is n(33)?
13
Let m(b) = -2326*b + 621046. Calculate m(267).
4
Let y(c) = -c**3 - 54*c**2 + 328*c + 138. Calculate y(-60).
2058
Let h(w) = -174*w - 209. Calculate h(-10).
1531
Let a(q) = -5*q**2 - 76*q + 184. Calculate a(-21).
-425
Let a(t) = -111*t - 3161. Give a(-28).
-53
Let l(n) = n**2 - 184*n - 6913. Calculate l(216).
-1
Let l(q) = -35882*q - 251171. Calculate l(-7).
3
Let d(h) = -75839*h**2 + 1061771*h - 361. Calculate d(14).
-11
Let o(a) = a**2 - 28516*a + 142548. Give o(5).
-7
Let s(i) = 974*i**2 - 5748*i - 461. What is s(6)?
115
Let n(s) = -s**3 - 3*s**2 + 365*s - 1478. Calculate n(4).
-130
Let g(k) = -210*k**2 - 420*k - 10. Give g(-3).
-640
Let q(z) = -z**3 + 235*z**2 + 28836*z - 22. What is q(324)?
-22
Let u(g) = g**2 + 1347*g + 118451. What is u(-95)?
-489
Let k(a) = -4430*a + 4359. Give k(1).
-71
Let t(l) = -l**3 - 110*l**2 - 2008*l - 682. What is t(-87)?
-73
Let g(z) = -90477*z + 271435. Give g(3).
4
Let f(g) = -5*g**3 - 113*g**2 + 1935*g + 99. What is f(-34)?
201
Let z(l) = -1628*l - 122087. Calculate z(-75).
13
Let p(z) = -z**2 - 1082*z + 32161. What is p(29)?
-58
Let m(s) = -s**2 + 155*s - 4952. Determine m(41).
-278
Let c(y) = 69*y - 932. Give c(18).
310
Let u(m) = m**3 + 93*m**2 + 55*m - 3264. Calculate u(-92).
140
Let c(p) = 120*p**3 - 4*p**2 - 323*p - 631. Calculate c(-2).
-961
Let g(o) = 6*o**3 - 1608*o**2 - 127*o + 34032. What is g(268)?
-4
Let d(g) = g**3 + 52*g**2 + 73*g - 3417. Determine d(-49).
209
Let t(h) = -6797*h + 210700. What is t(31)?
-7
Let p(t) = -4*t - 3451. What is p(-43)?
-3279
Let z(n) = 1463564*n - 7317817. Give z(5).
3
Let z(q) = -445*q - 532. Calculate z(-1).
-87
Let a(c) = 3816*c**2 + 91560*c - 575. Give a(-24).
1
Let d(f) = -f**2 + 4150*f - 123584. Give d(30).
16
Let y(m) = -3*m**3 - 198*m**2 - 932*m - 9. Calculate y(-5).
76
Let s(d) = -d**2 + 342901*d + 5143742. Give s(-15).
2
Let h(g) = 395*g + 3457. Calculate h(-9).
-98
Let a(x) = x**2 + 14113*x + 28216. What is a(-2)?
-6
Let n(v) = -1087*v**2 - 107615*v - 216. Calculate n(-99).
-18
Let r(h) = -252*h + 130489. Calculate r(518).
-47
Let x(g) = 2860*g + 102857. Calculate x(-36).
-103
Let c(f) = -f**3 + 508*f**2 + 555*f - 23419. Calculate c(509).
-5
Let c(f) = 4*f**2 + 144*f - 231. What is c(-50)?
2569
Let z(l) = -2903*l - 46357. Give z(-16).
91
Let w(o) = -2233*o**2 + 11151*o + 74. Give w(5).
4
Let f(u) = 4*u**3 - 216*u**2 - 218*u - 142. What is f(55)?
-32
Let l(d) = d**3 - 16*d**2 - 885*d - 5. What is l(39)?
463
Let b(h) = -8*h**2 - 324*h - 7545. Give b(-29).
-4877
Let a(d) = -440137*d - 3521154. Calculate a(-8).
-58
Let g(t) = 7*t**3 - 92*t**2 - 1017*t - 243. Give g(-7).
-33
Let i(y) = -12706*y + 660780. What is i(52)?
68
Let n(m) = -3*m**3 - 26*m**2 - 38*m - 126. What is n(-9)?
297
Let u(w) = w**2 + 1559*w + 65183. Give u(-43).
-5
Let f(r) = r**3 - 52*r**2 - 81124*r - 1039. Give f(-260).
1
Let y(d) = 8423*d + 1970. Determine y(-1).
-6453
Let d(i) = -150*i + 4898. Calculate d(33).
-52
Let c(a) = -16045*a + 9739323. Calculate c(607).
8
Let f(i) = -798*i + 95422. Calculate f(120).
-338
Let x(k) = 1624*k - 11200. Determine x(7).
168
Let v(a) = 8387*a - 75509. Give v(9).
-26
Let h(q) = -q**3 + 48*q**2 + 118*q - 1767. Determine h(52).
-6447
Let v(r) = -2*r**3 - 3297*r**2 - 4790*r + 248722. Calculate v(-1647).
25
Let w(u) = -341*u + 77546. Determine w(228).
-202
Let j(r) = -53*r**2 + 519*r - 78. Calculate j(12).
-1482
Let x(v) = -5*v**2 - 720*v + 2120. What is x(-147)?
-85
Let d(f) = 14561*f - 116489. Calculate d(8).
-1
Let i(z) = -2*z**3 - 783*z**2 - 8728*z + 4560. Determine i(-380).
0
Let u(c) = 8*c**2 - 1117*c - 2915. Determine u(142).
-217
Let j(g) = 794*g**2 + 585*g - 586. Determine j(1).
793
Let l(h) = -h**3 - 239*h**2 - 1189*h - 130. Determine l(-5).
-35
Let m(k) = -6*k**3 - 437*k**2 + 2143*k + 112. What is m(5)?
-848
Let t(u) = -1630*u - 1315. What is t(1)?
-2945
Let c(j) = 3010*j - 279770. Determine c(93).
160
Let z(u) = 2054*u + 15727. What is z(-7)?
1349
Let l(s) = -6739*s + 222424. Calculate l(33).
37
Let z(f) = -10*f**2 - 66*f + 188. What is z(-8)?
76
Let r(y) = y**2 + 192*y + 2700. Give r(-17).
-275
Let u(b) = 31*b**2 - 3089*b + 64782. Determine u(30).
12
Let l(f) = -2*f**3 - 247*f**2 - 3887*f - 85. Give l(-105).
125
Let y(w) = -3*w**2 - 95*w + 4980. Calculate y(28).
-32
Let x(t) = -11*t**2 + 2361*t + 875. Calculate x(215).
15
Let a(p) = -10628*p + 563234. Calculate a(53).
-50
Let g(j) = 6*j**3 + 42*j**2 + 78*j + 514. What is g(-7)?
-32
Let m(u) = -6530*u - 1345200. Give m(-206).
-20
Let u(v) = -v**2 + 16031*v - 64105. What is u(4)?
3
Let c(w) = -35*w**2 + 633*w + 3710. Calculate c(-6).
-1348
Let n(k) = 16*k**3 - 98*k**2 + 48*k - 228. Calculate n(6).
-12
Let n(s) = -s**3 + 606*s**2 - 30317*s + 6554. Calculate n(551).
-58
Let q(s) = -s**2 + 2790*s - 200970. What is q(74)?
14
Let i(a) = -4*a**3 + 80*a**2 + 3*a - 81. Determine i(20).
-21
Let u(p) = p**3 + 16*p**2 - 1460*p + 679. What is u(-47)?
820
Let y(p) = -38392*p - 26336899. What is y(-686)?
13
Let f(b) = -b**3 + 30*b**2 - 247*b + 4905. Calculate f(28).
-443
Let a(z) = -1554*z - 51022. Determine a(-33).
260
Let o(u) = u**3 + 83*u**2 - 634*u - 466. Calculate o(-90).
-106
Let i(k) = 765*k - 22859. Give i(30).
91
Let u(d) = 137*d + 25302. Calculate u(-180).
642
Let p(j) = -2*j**3 + 41*j**2 + 176*j - 124. Calculate p(24).
68
Let b(z) = -4*z**3 - 51*z**2 - 32*z + 214. Determine b(-12).
166
Let a(m) = -2360*m + 564041. Calculate a(239).
1
Let j(f) = -f**3 + 100*f**2 - 108*f + 908. What is j(99)?
17
Let t(y) = -4*y**2 - 2509*y - 7515. Determine t(-3).
-24
Let t(k) = 823114*k + 4938692. Give t(-6).
8
Let r(m) = 2*m**2 + 225*m - 13234. Calculate r(43).
139
Let k(h) = -538*h - 6003. Determine k(-7).
-2237
Let d(k) = 4605*k - 96778. What is d(21)?
-73
Let s(x) = x**3 - 40*x**2 + 471*x - 3922. Calculate s(28).
-142
Let t(p) = 1449*p + 13055. Calculate t(-9).
14
Let f(g) = g**3 - 4*g**2 - 151994*g + 759942. Calculate f(5).
-3
Let r(n) = -1123*n + 426757. Calculate r(380).
17
Let x(s) = 4*s**2 + 11846*s - 395268. Determine x(33).
6
Let w(y) = -26365*y**2 + 158170*y - 2. What is w(6)?
-122
Let s(r) = -r**3 - 408*r**2 + 12648*r - 10940. Calculate s(-437).
-15
Let h(a) = 2756*a - 377655. Give h(137).
-83
Let c(y) = -16*y**2 + 366*y + 738. What is c(-2)?
-58
Let b(n) = 32*n**2 + 377*n + 75. Give b(-13).
582
Let g(v) = v**2 + 85*v - 2274. What is g(22)?
80
Let z(a) = 2*a**2 + 180*a - 29278. Give z(84).
-46
Let k(f) = f**3 - 94*f**2 + 36*f + 5265. Calculate k(93).
-36
Let n(h) = 176155*h - 3875405. Determine n(22).
5
Let x(l) = 3*l**3 + 17*l**2 - 112*l - 8. Give x(-10).
-188
Let m(i) = i**3 + 26*i**2 + 171*i + 19. What is m(-9)?
-143
Let b(l) = l**3 + 48*l**2 + 233*l + 2280. Determine b(-44).
-228
Let s(z) = z**2 + 67*z - 47611. What is s(188)?
329
Let y(w) = w**3 - 19*w**2 + 53*w + 106. Determine y(20).
1566
Let z(m) = 62*m - 540. What is z(20)?
700
Let n(h) = -40378*h + 80765. Give n(2).
9
Let h(n) = -8*n**3 - 215*n**2 - 25*n - 754. Calculate h(-27).
650
Let k(y) = -6736*y + 26806. What is k(4)?
-138
Let b(r) = -r**3 + 33*r**2 - 164*r - 1938. Calculate b(21).
-90
Let v(a) = -a**3 - 454*a**2 - 18749*a + 7851. Determine v(-408).
99
Let x(u) = -3*u**3 + 73*u**2 + 92*u - 123. Determine x(26).
-1111
Let s(f) = 45*f - 640. Give s(-58).
-3250
Let d(p) = -5*p**2 - 851*p + 1950. Determine d(-171).
1266
Let p(r) = -12743*r + 1070435. What is p(8